2 + -23 + 10) - (-11 + -3).
1
Evaluate -1 + -7 + (-2 - (-6 + 13 + -42)).
25
Calculate -22 - -53 - ((-2 - 7) + 12 - 8).
36
4 + (-45 - (-51 + 12) - (-4 + (-2 - -3)))
1
What is (-44 - 0) + (166 + 140 - 281)?
-19
(549 + -501 - (0 - 27)) + 17
92
Evaluate (-64 - 32) + 88 - (2 - (0 - 2)).
-12
What is the value of -33 - -1 - (-646 - -624) - (10 + 0)?
-20
28 - (11 + 2 + (-18 - -45) + -41)
29
What is the value of 5 - (-19 + 40 + -29) - 56?
-43
What is (-87 + 61 - -14 - (-46 - -1)) + -2?
31
Calculate -66 + (69 + -66 - -76).
13
What is the value of 22 + -143 - -102 - -105?
86
(104 - 7) + 18 + (25 - (8 - -53))
79
What is 23 + (28 - 4) + -37 + -6 + -1?
3
Calculate -48 + 46 + (22 - 29) - 54.
-63
Evaluate 1 + 17 + -3 + (-202 - -177) - 0.
-10
What is the value of 46 + -22 + (10 - (8 + -10)) + -12?
24
Evaluate -30 - (20 + 16 - 41).
-25
What is (-1 - -40) + (-92 + 13 - -58)?
18
What is -9 + 8 + -6 + 64 + -17 + 13?
53
(1 + 1 - (52 - -8)) + -3 + (9 - 6)
-58
Calculate (-5 + 7 + -10 - -66) + -13 + 5 + 2.
52
What is the value of 4 - ((3 - (-2 + -29)) + -85 + 77)?
-22
-42 + (2 - 6) - (22 + -35 + -7 + 17)
-43
1457 + -1473 - (1 - (49 - 1))
31
Evaluate 69 + (-59 - (-41 + 38)).
13
26 + (76 - 210) - -117
9
(-1 - -19) + (1101 - 1142)
-23
Calculate -7 - (-1 + -4 + 8 - (-5 - -11)).
-4
(-4 - 19 - -3) + (12 - 6) - 12
-26
What is 154 + (-185 - -14) + (1 - 33)?
-49
-72 - (44 + -182) - -23
89
What is the value of -15 + 5 - -24 - -40 - (-6 + 7)?
53
Calculate (34 + -39 - (8 - 2)) + -3 - 26.
-40
What is 14 + 2 - (572 - 543) - 29?
-42
Evaluate (-4 + 4 + -5 - (-61 - (12 + -26))) + 4.
46
What is the value of (73 - 59 - -108) + 5 + 4?
131
Evaluate 1 + 2 + -28 + 17 + -41 + 23 + 30.
4
Calculate (6 - -5) + 368 + -419.
-40
What is 19 + -24 + -4 + -36?
-45
What is the value of 20 + 1 + 2 + 169 + -118?
74
What is -51 + 130 + (-2 - 39)?
38
Evaluate -32 - 18 - -41 - (2 + -32).
21
Calculate (-42 - (18 + -68)) + (5 - 6) + -2 + -96.
-91
What is 8 - (19 + (14 - (0 + 41)) - 17)?
33
Evaluate (-120 - -133) + -2 + -4 - 38.
-31
What is the value of -51 + 0 + (-2 - (29 - 30) - -9)?
-43
Evaluate -10 + 2 + 4 + -3 + 10 - (19 + 31).
-47
What is 8 - 35 - (13 - 23 - (4 - 6) - 0)?
-19
What is (-34 - -51 - 37) + 0 + 8 - (-148 - 4)?
140
45 + (10 - -4) + 17 + -21
55
(-8 - 0) + (201 + -159 - 26)
8
What is the value of (33 - (-25 + 113)) + 72?
17
Calculate -36 - (-7 - (3 - 7) - -10) - 0.
-43
-118 - (-2 + 2 + 189 + -201) - 6
-112
Calculate -4 + (48 - (34 - 8 - 6)).
24
Evaluate 34 + -36 + 63 + -46.
15
Evaluate 50 + -16 + -34 + 63 + -27.
36
-2 + 14 + 43 + -8 + -104
-57
Evaluate -10 + -1 - (2724 + -2744).
9
What is -18 - ((10 - 14) + -5) - (105 - (5 + 4))?
-105
-16 + 15 + 14 - (0 + 8)
5
(5 - (7 - 2)) + 7 + (-10 - -2)
-1
What is the value of 19 - 0 - (306 - 209)?
-78
What is the value of -22 + (-94 - -127) - (0 - -80)?
-69
Evaluate -22 + (-80 - -48) + 5.
-49
What is the value of -10354 + 10338 + (2 - (0 - 36))?
22
What is 4 + (76 - (-36 - -89))?
27
What is the value of 99 - -12 - (7 + 32)?
72
Evaluate (68 - 29) + -4 + 60 + -30.
65
Evaluate -73 + (219 - (85 + 2)).
59
What is -76 + 163 - -1 - 94?
-6
Evaluate 13 + -2 + (-1 - -13) + 2 + -2 + 0.
23
4 + -31 + -2 - ((-6 - 13) + 1 + 12)
-23
Evaluate 132 - 127 - (6 + (5 - (3 + 0)) - 21).
18
Evaluate 169 + -256 - (-137 + -26).
76
Calculate -7 + 1 + 3 + 11 + (38 - 19).
27
What is the value of 93 + -38 + (1 - 3) + 17?
70
Calculate -1 + 2 + -10 + (84 - 72) + 4.
7
(-117 - -118 - -10) + (-1 - 46)
-36
What is 13 + -7 + -9 + 20 + 1?
18
-28 + 0 + -142 + 201
31
Evaluate -21 + -1 - ((-21 - 8) + 25).
-18
What is 44 + (-262 - -231) - (-1 - 0 - (2 + -58))?
-42
Evaluate -3 - (-46 + 33 - 42).
52
Calculate 12 - ((-13 - -12) + (7 - (13 + 90))).
109
-46 - 13 - ((2 - 9 - 0) + (-119 - -123))
-56
What is the value of 41 + (-14 + 2 - (-70 - -39 - -12))?
48
What is the value of 20 + -9 + 16 + 26 + -7?
46
What is 18 - ((7 - -9 - 15 - -1) + -5)?
21
Calculate (-16 + 0 - (438 - 407)) + 2.
-45
What is the value of 1 - ((-48 - -62) + -17)?
4
Calculate -66 + 10 + 3 + -21 + (28 - 8) + 4.
-50
What is the value of -105 + 77 + (32 - (4 - 13))?
13
What is the value of -20 + (35 - (18 - (-21 + 22)))?
-2
(44 - (-1 - -18)) + -112 - -20
-65
-34 - (16 + (16 - (7 - -23)) + 11)
-47
Calculate 0 - -13 - (-333 - -256 - -42).
48
Calculate -106 + 122 + 10 + 0 + -9.
17
10 + (-41 + 38 - (-2 + -1))
10
What is the value of 50 - (60 - (96 + -66))?
20
What is the value of (78 - (-25 - -92)) + (-2 - -4 - -16) + 1?
30
-38 - 0 - (-100 - 86 - -215)
-67
What is 83 + (126 - (13 + 110))?
86
1 + -12 - (-5 + -43 + 26 - 14)
25
-10 - (16 + -61 + 13)
22
Evaluate -25 - (5 + 8 + 10 - 2).
-46
Evaluate (39 - 42) + (-9 - 3 - -5 - -5).
-5
What is the value of (-2065 - -2043) + 6 + 91?
75
Evaluate 3 - (11 - (-3 - (-6 + -13 + -10))).
18
What is the value of (-30740 - -30638) + (-2 - ((-2 - 17) + -2))?
-83
What is (-18 - 82) + -3 + 8 - (21 + -4)?
-112
What is 4 - (0 - -1) - (128 + 42 + -228)?
61
Calculate 26 - (39 - -18) - -42.
11
-1045 + 1057 - ((1 - -2) + 1) - -107
115
What is the value of (-3 - (-4 + 11)) + (1013 - 1057)?
-54
Evaluate 1 + -58 - -5 - (8 + -20).
-40
What is 10 - (-11 - ((138 - -1) + (-75 - -67)))?
152
Evaluate -23 + 0 - (-169 + 328 + -112).
-70
Evaluate -46 - 1 - -83 - 63.
-27
-39 - (30 + -28 - (5 + -11 + 5)) - 11
-53
Calculate (25 - 18) + 4 + (-9 - 1) + 7.
8
Calculate 12 - ((-90 - -3) + (2 - ((1 - 12) + 1))).
87
-10 + -42 + (-12 - (-8 - -7)) + 6 + 7
-50
Evaluate -56 + (20 + -21 + 8 - 18 - -25).
-42
Evaluate (-51 - -25 - -27) + 1 + -40 + 2.
-36
What is 29 + -116 + (-7 + 4 - (-19 + 5 + 9))?
-85
What is -4 + 13 - (-31 + 45 - 30)?
25
Calculate (1 + (1 - 9) - -3) + -879 + 802.
-81
What is 38 + (-35 - (-5 - -26)) - (2 - -78)?
-98
Evaluate -33 + 5 + 24 + (1 + -14 + 6 - -12).
1
11 + -12 + 10 + -8 + (-3 - 0) - 3
-5
What is (7 - 10) + 12 + (-824 - -818)?
3
Evaluate (0 - -1) + 35 + 0 + 244 + -352 + 102.
30
What is the value of -23 - 15 - -46 - 73?
-65
208 - 165 - (-6 + 87 + -1)
-37
What is 37 - ((-23 - -148) + 3 + -42)?
-49
Calculate -5 + (2 + -3 - -44) + -10 - -4.
32
What is 178 - (58 - 13) - 117?
16
What is (-64 - 42 - -32) + 120?
46
What is the value of (-19 + 26 - -2 - 12) + 51 + -1?
47
What is the value of 21 + ((-43 - 11 - -12) + -13 - -7)?
-27
-23 + 2 + ((-14 - 2) + 8 + 1 - -8)
-20
(11 - 36 - -10) + 8 + -11
-18
-462 + 473 + -20 + 0 - (3 + -2) - 47
-57
(90 - -26) + -68 - (2 + 15)
31
What is -17 + 5 + (61 - (4 - (20 + -8)))?
57
What is -34 - -74 - (5 + (-6 - -25))?
16
What is -31 + 51 + 46 - 43?
23
What is the value of 16 + (-3 - (-13 - -1)) - (-28 + 14)?
39
Evaluate -52 - (5 - (32 + -9)).
-34
What is the value of (10 - -20) + 10 - (11 - 2)?
31
Evaluate (-1 + -31 - -2) + (16 - (21 + 11) - -17).
-29
(-4 - -13) + -117 + 40 + 53 + -27
-42
Calculate (29 - 18 - (0 + 0)) + (-20 - (-6 + -5)).
2
Calculate -40 - (46 - (69 - 16)).
-33
What is -2241 - -2233 - (1 + 21)?
-30
What is the value of (177 + -83 - 48) + 1 + -13?
34
(11 - 17) + -5 + -18 + 4
-25
What is 23 + -1 + (-1205 - -1163) - 3?
-23
Calculate -4 - -14 - (111 + (-181 - -77)).
3
What is (15 - (17 + 8)) + 15 + -79?
-74
Calculate -22 - -10 - ((56 - 10) + 12).
-70
Evaluate -1 + -24 - (-103 - (-85 - 31)).
-38
What is the value of (-104 + 54 - (9 + -2)) + (55 - 45)?
-47
Calculate 26 + -17 + (-59 - -28) + 28.
6
Evaluate (-52 - 0) + 66 + (47 - 114).
-53
What is 31 + (19 - 23) + -8 + -82?
-63
(9 - (-3 - -6)) + -29 - (2 - 11) - -20
6
Evaluate 1 - (10 - (4 - (-1 - (-17 - -31)))).
10
Evaluate 143 - (-111 - (139 - 258)).
135
Evaluate 3 + 7 + (-3 + 2 + -8 - (-31 + 30)).
2
Evaluate 0 - (((2 - -6) + -6 + -6 - -4) + -8).
8
Evaluate -6 + (-58 - (-19 - -4 - -32)).
-81
8 - ((-35 - (-9 + 16)) + (17 - 7))
40
What is the value of (6 - (-1 + 10 - 2)) + (-20 - 54)?
-75
-2 + (12 - 0 - 13) - (-130 - -48)
79
(-68 - -1) + 67 + (43 - 115)
-72
What is the value of -114 - -223 - ((-3 - -2 - -24) + -4)?
90
Calculate (-64 - -5 - 7) + -197 + 157.
-106
Calculate (5 - 1) + 77 + -86 + (3 - 20) + -4.
-26
Calculate -67 - ((-5 - (1 - -11)) + (14 - 1)).
-63
(-37 - -52) + -97 + 15
-67
Calculate (-30 - (-3 + (-3 - 14))) + -12.
-22
Calculate (-4 - -2) + (0 - 3) + (-3520 - -3472).
-53
What is the value of 50 + -40 + 43 + -77?
-24
(4 + -9 + -15 + 8 - -9) + -4 + -55
-62
-1 + -49 - (882 + -897)
-35
What is 146 - (259 - 147 - 76)?
110
